 7
356
What is -14 (base 14) in base 2?
-10010
-20 (base 4) to base 11
-8
1 (base 16) to base 13
1
7 (base 8) to base 2
111
Convert -10210 (base 3) to base 12.
-86
What is -1 (base 4) in base 16?
-1
-14 (base 10) to base 4
-32
What is -2003 (base 5) in base 8?
-375
What is -174 (base 9) in base 13?
-b5
Convert 9 (base 14) to base 7.
12
12 (base 7) to base 15
9
-1132 (base 4) to base 10
-94
Convert 1 (base 7) to base 13.
1
Convert 100 (base 3) to base 7.
12
What is -2 (base 14) in base 15?
-2
Convert -109 (base 11) to base 8.
-202
What is -4 (base 14) in base 10?
-4
14 (base 5) to base 9
10
What is -2 (base 13) in base 9?
-2
2 (base 8) to base 12
2
26 (base 9) to base 2
11000
-42 (base 14) to base 3
-2011
105 (base 6) to base 13
32
What is -1 (base 6) in base 8?
-1
What is -3 (base 6) in base 16?
-3
Convert 2 (base 13) to base 6.
2
Convert 32 (base 10) to base 4.
200
Convert 170 (base 15) to base 2.
101001010
Convert 10 (base 2) to base 11.
2
Convert -119 (base 12) to base 11.
-140
-33 (base 9) to base 5
-110
What is 23 (base 4) in base 11?
10
Convert -22 (base 3) to base 4.
-20
2 (base 6) to base 7
2
Convert -104 (base 7) to base 13.
-41
Convert 216 (base 10) to base 15.
e6
1 (base 13) to base 6
1
Convert -430 (base 5) to base 9.
-137
Convert 11201 (base 3) to base 6.
331
Convert 9 (base 10) to base 14.
9
Convert -8 (base 15) to base 2.
-1000
What is 122 (base 3) in base 5?
32
Convert -42 (base 11) to base 6.
-114
-61 (base 13) to base 5
-304
-1 (base 3) to base 14
-1
9b (base 13) to base 15
88
Convert 110 (base 6) to base 11.
39
90 (base 13) to base 15
7c
What is 25 (base 7) in base 11?
18
100100 (base 2) to base 6
100
Convert 0 (base 7) to base 9.
0
46 (base 14) to base 6
142
What is -2 (base 14) in base 11?
-2
Convert 11010 (base 2) to base 7.
35
-22 (base 8) to base 4
-102
What is 30 (base 9) in base 5?
102
49 (base 12) to base 11
52
What is 16 (base 14) in base 13?
17
What is -19 (base 12) in base 8?
-25
-11 (base 6) to base 14
-7
-14 (base 12) to base 11
-15
What is -100 (base 2) in base 11?
-4
102 (base 5) to base 10
27
Convert 101 (base 3) to base 12.
a
Convert 2132 (base 4) to base 5.
1113
Convert -11 (base 7) to base 11.
-8
-2 (base 3) to base 14
-2
22 (base 15) to base 5
112
What is -10 (base 4) in base 13?
-4
1f (base 16) to base 7
43
What is -3 (base 12) in base 8?
-3
What is 0 (base 15) in base 10?
0
-143 (base 7) to base 4
-1100
What is 211 (base 6) in base 10?
79
Convert -6 (base 16) to base 11.
-6
What is 3 (base 13) in base 2?
11
-126 (base 16) to base 4
-10212
What is -4 (base 14) in base 11?
-4
-2 (base 3) to base 13
-2
-3 (base 6) to base 5
-3
200 (base 3) to base 13
15
Convert -1 (base 6) to base 9.
-1
Convert -46 (base 15) to base 11.
-60
1 (base 3) to base 8
1
Convert -1320 (base 4) to base 2.
-1111000
What is 101 (base 2) in base 3?
12
-516 (base 7) to base 13
-16b
Convert -1 (base 4) to base 2.
-1
What is 110 (base 2) in base 14?
6
What is -10000 (base 2) in base 6?
-24
-3 (base 10) to base 9
-3
What is -1100001 (base 2) in base 7?
-166
What is -3120 (base 4) in base 10?
-216
124 (base 7) to base 4
1003
5 (base 16) to base 6
5
What is -1 (base 4) in base 3?
-1
Convert 1 (base 11) to base 15.
1
15 (base 9) to base 5
24
What is 124 (base 12) in base 8?
254
2 (base 4) to base 11
2
Convert -5 (base 13) to base 6.
-5
1 (base 3) to base 6
1
0 (base 3) to base 5
0
Convert -1110100 (base 2) to base 10.
-116
What is 53 (base 14) in base 12?
61
Convert -10 (base 3) to base 7.
-3
167 (base 14) to base 11
241
What is 203 (base 7) in base 9?
122
What is -43 (base 7) in base 14?
-23
What is -11 (base 10) in base 8?
-13
Convert -114 (base 10) to base 14.
-82
Convert -1 (base 10) to base 13.
-1
4 (base 7) to base 8
4
120 (base 3) to base 14
11
332 (base 6) to base 15
88
0 (base 15) to base 3
0
Convert 213 (base 6) to base 13.
63
What is 0 (base 4) in base 13?
0
What is -71 (base 8) in base 16?
-39
What is 1 (base 15) in base 7?
1
3 (base 7) to base 16
3
Convert 159 (base 12) to base 3.
21220
11 (base 5) to base 15
6
What is -17 (base 9) in base 2?
-10000
Convert 5f (base 16) to base 7.
164
-1 (base 2) to base 5
-1
What is -10 (base 2) in base 8?
-2
What is -31 (base 15) in base 8?
-56
Convert 4 (base 11) to base 3.
11
Convert 21 (base 10) to base 2.
10101
1 (base 16) to base 13
1
What is 9 (base 15) in base 11?
9
Convert 43 (base 9) to base 6.
103
Convert -40 (base 11) to base 12.
-38
-3 (base 6) to base 13
-3
Convert -2 (base 16) to base 3.
-2
What is 1 (base 4) in base 5?
1
What is 11 (base 6) in base 14?
7
-2d (base 14) to base 13
-32
30 (base 6) to base 9
20
2 (base 6) to base 10
2
-2 (base 5) to base 6
-2
What is 13 (base 5) in base 2?
1000
1100 (base 2) to base 11
11
-110 (base 6) to base 13
-33
-33 (base 7) to base 9
-26
1100 (base 2) to base 7
15
Convert 11121 (base 3) to base 9.
147
1 (base 16) to base 10
1
Convert 2 (base 16) to base 4.
2
-1111 (base 2) to base 5
-30
21 (base 7) to base 15
10
-1 (base 6) to base 4
-1
What is 10 (base 2) in base 11?
2
656 (base 7) to base 9
412
What is -16 (base 7) in base 2?
-1101
Convert -5b (base 14) to base 3.
-10000
3 (base 11) to base 10
3
-3 (base 12) to base 4
-3
Convert 3 (base 16) to base 9.
3
-2 (base 6) to base 13
-2
Convert -9 (base 10) to base 7.
-12
-6 (base 14) to base 13
-6
Convert 4 (base 11) to base 16.
4
Convert -100010 (base 2) to base 5.
-114
Convert -2 (base 16) to base 6.
-2
What is -15 (base 13) in base 12?
-16
Convert -7b (base 12) to base 13.
-74
Convert 111 (base 3) to base 6.
21
4 (base 5) to base 10
4
Convert -5 (base 15) to base 2.
-101
What is 0 (base 7) in base 9?
0
Convert -3 (base 16) to base 12.
-3
Convert 2301 (base 4) to base 16.
b1
Convert 5 (base 11) to base 16.
5
Convert -136 (base 10) to base 3.
-12001
-329 (base 11) to base 4
-12022
-12 (base 8) to base 14
-a
What is -64 (base 14) in base 10?
-88
Convert -3 (base 6) to base 5.
-3
-11 (base 2) to base 13
-3
Convert 0 (base 4) to base 6.
0
Convert -a7 (base 16) to base 8.
-247
Convert 8 (base 14) to base 11.
8
63 (base 7) to base 3
1200
What is -23 (base 11) in base 2?
-11001
What is 9 (base 16) in base 4?
21
What is 1f (base 16) in base 6?
51
-10 (base 3) to base 14
-3
Convert 13 (base 7) to base 10.
10
Convert 0 (base 3) to base 7.
0
Convert -5 (base 15) to base 3.
-12
What is 2 (base 13) in base 12?
2
-4c (base 13) to base 7
-121
4 (base 7) to base 4
10
-13 (base 10) to base 5
-23
4 (base 10) to base 13
4
What is -2 (base 8) in base 16?
-2
Convert -88 (base 11) to base 7.
-165
What is -41 (base 7) in base 8?
-35
Convert -44 (base 5) to base 11.
-22
12 (base 5) to base 16
7
-56 (base 15) to base 5
-311
111101 (base 2) to base 10
61
What is 4 (base 8) in base 14?
4
210 (base 3) to base 16
15
-3 (base 5) to base 4
-3
211 (base 3) to base 12
1a
What is -2101 (base 3) in base 2?
-1000000
-6 (base 11) to base 10
-6
What is -13 (base 5) in base 14?
-8
-10002 (base 3) to base 11
-76
Convert 18 (base 16) to base 5.
44
-2 (base 3) to base 15
-2
What is 5 (base 8) in base 4?
11
-9 (base 14) to base 2
-1001
1011 (base 2) to base 13
b
-15 (base 14) to base 5
-34
What is 1 (base 10) in base 16?
1
Convert -267 (base 12) to base 3.
-111121
What is -12 (base 11) in base 2?
-1101
-12 (base 11) to base 12
-11
What is -10 (base 5) in base 14?
-5
Convert -132 (base 4) to base 10.
-30
31 (base 5) to base 14
12
What is 22 (base 4) in base 6?
14
Convert 204 (base 5) to base 9.
60
What is -35 (base 8) in base 10?
-29
-88 (base 13) to base 3
-11011
100 (base 4) to base 10
16
3 (base 16) to base 12
3
Convert 402 (base 5) to base 14.
74
What is 11 (base 5) in base 12?
6
Convert -4 (base 5) to base 6.
-4
-2 (base 16) to base 2
-10
What is 1 (base 16) in base 9?
1
What is 11120 (base 3) in base 12?
a3
Convert 6 (base 12) to base 13.
6
-111 (base 12) to base 13
-c1
-21 (base 4) to base 15
-9
What is -10011 (base 2) in base 8?
-23
40 (base 16) to base 6
144
What is 8 (base 16) in base 15?
8
Convert -81 (base 13) to base 14.
-77
What is -37 (base 10) in base 4?
-211
11 (base 2) to base 8
3
What is -2 (base 5) in base 7?
-2
Convert -1011010 (base 2) to base 5.
-330
What is 3 (base 9) in base 7?
3
What is -31 (base 9) in base 13?
-22
34 (base 6) to base 10
22
What is 103 (base 4) in base 13?
16
What is -24 (base 5) in base 8?
-